{"id":3571,"date":"2026-04-27T12:16:25","date_gmt":"2026-04-27T12:16:25","guid":{"rendered":"http:\/\/lojadosacores.com\/produto\/envelope-p-guardanapo-avencas\/"},"modified":"2026-04-27T12:16:25","modified_gmt":"2026-04-27T12:16:25","slug":"envelope-p-guardanapo-avencas","status":"publish","type":"product","link":"https:\/\/lojadosacores.com\/en\/produto\/envelope-p-guardanapo-avencas\/","title":{"rendered":"Envelope p\/ guardanapo Avencas"},"content":{"rendered":"<p>Bordado em linho a Matiz Motivo Avencas 25cm X 12cm<br \/>\nA aprendizagem da arte de bordar iniciava-se em crian\u00e7a, quase sempre em ambiente familiar, com os pontos mais simples, como o ponto de p\u00e9 de flor, de cetim, de malmequer, de cadeia, de grilh\u00e3o, de casa, de sombra, ilh\u00f3s e caseados, entre outros.  Atualmente, os bordados constituem um produto genu\u00edno e certificado dos A\u00e7ores. Por todo o arquip\u00e9lago, em espa\u00e7o dom\u00e9stico, em micro empresas ou em pequenas unidades artesanais, s\u00e3o muitas as mulheres que se dedicam \u00e0 arte de bordar variadas pe\u00e7as, recorrendo a materiais e t\u00e9cnicas de execu\u00e7\u00e3o tradicionais, contribuindo deste modo para complementar o rendimento familiar e preservar uma importante parcela do patrim\u00f3nio cultural da regi\u00e3o.<\/p>\n","protected":false},"excerpt":{"rendered":"<p>Bordado em linho a Matiz Motivo Avencas 25cm X 12cm<br \/>\nA aprendizagem da arte de bordar iniciava-se em crian\u00e7a, quase sempre em ambiente familiar, com os pontos mais simples, como o ponto de p\u00e9 de flor, de cetim, de malmequer, de cadeia, de grilh\u00e3o, de casa, de sombra, ilh\u00f3s e caseados, entre outros.  Atualmente, os bordados constituem um produto genu\u00edno e certificado dos A\u00e7ores. Por todo o arquip\u00e9lago, em espa\u00e7o dom\u00e9stico, em micro empresas ou em pequenas unidades artesanais, s\u00e3o muitas as mulheres que se dedicam \u00e0 arte de bordar variadas pe\u00e7as, recorrendo a materiais e t\u00e9cnicas de execu\u00e7\u00e3o tradicionais, contribuindo deste modo para complementar o rendimento familiar e preservar uma importante parcela do patrim\u00f3nio cultural da regi\u00e3o.<\/p>\n","protected":false},"featured_media":3583,"template":"","meta":[],"product_cat":[29,851],"product_tag":[],"ilha":[44],"linguas":[],"yoast_head":"<!-- This site is optimized with the Yoast SEO plugin v18.8 - https:\/\/yoast.com\/wordpress\/plugins\/seo\/ -->\n<title>Envelope p\/ guardanapo Avencas - Loja dos A\u00e7ores<\/title>\n<meta name=\"robots\" content=\"index, follow, max-snippet:-1, max-image-preview:large, max-video-preview:-1\" \/>\n<link rel=\"canonical\" href=\"https:\/\/lojadosacores.com\/produto\/envelope-p-guardanapo-avencas\/\" \/>\n<meta property=\"og:locale\" content=\"en_US\" \/>\n<meta property=\"og:type\" content=\"article\" \/>\n<meta property=\"og:title\" content=\"Envelope p\/ guardanapo Avencas - Loja dos A\u00e7ores\" \/>\n<meta property=\"og:description\" content=\"Bordado em linho a Matiz Motivo Avencas 25cm X 12cm  A aprendizagem da arte de bordar iniciava-se em crian\u00e7a, quase sempre em ambiente familiar, com os pontos mais simples, como o ponto de p\u00e9 de flor, de cetim, de malmequer, de cadeia, de grilh\u00e3o, de casa, de sombra, ilh\u00f3s e caseados, entre outros. Atualmente, os bordados constituem um produto genu\u00edno e certificado dos A\u00e7ores. Por todo o arquip\u00e9lago, em espa\u00e7o dom\u00e9stico, em micro empresas ou em pequenas unidades artesanais, s\u00e3o muitas as mulheres que se dedicam \u00e0 arte de bordar variadas pe\u00e7as, recorrendo a materiais e t\u00e9cnicas de execu\u00e7\u00e3o tradicionais, contribuindo deste modo para complementar o rendimento familiar e preservar uma importante parcela do patrim\u00f3nio cultural da regi\u00e3o.\" \/>\n<meta property=\"og:url\" content=\"https:\/\/lojadosacores.com\/produto\/envelope-p-guardanapo-avencas\/\" \/>\n<meta property=\"og:site_name\" content=\"Loja dos A\u00e7ores\" \/>\n<meta property=\"og:image\" content=\"https:\/\/lojadosacores.com\/wp-content\/uploads\/imagens\/analisadas\/SB09B.jpg\" \/>\n\t<meta property=\"og:image:width\" content=\"544\" \/>\n\t<meta property=\"og:image:height\" content=\"363\" \/>\n\t<meta property=\"og:image:type\" content=\"image\/jpeg\" \/>\n<meta name=\"twitter:card\" content=\"summary_large_image\" \/>\n<meta name=\"twitter:label1\" content=\"Est. reading time\" \/>\n\t<meta name=\"twitter:data1\" content=\"1 minute\" \/>\n<script type=\"application\/ld+json\" class=\"yoast-schema-graph\">{\"@context\":\"https:\/\/schema.org\",\"@graph\":[{\"@type\":\"WebSite\",\"@id\":\"https:\/\/lojadosacores.com\/#website\",\"url\":\"https:\/\/lojadosacores.com\/\",\"name\":\"Loja dos A\u00e7ores\",\"description\":\"\",\"potentialAction\":[{\"@type\":\"SearchAction\",\"target\":{\"@type\":\"EntryPoint\",\"urlTemplate\":\"https:\/\/lojadosacores.com\/?s={search_term_string}\"},\"query-input\":\"required name=search_term_string\"}],\"inLanguage\":\"en-US\"},{\"@type\":\"ImageObject\",\"inLanguage\":\"en-US\",\"@id\":\"https:\/\/lojadosacores.com\/produto\/envelope-p-guardanapo-avencas\/#primaryimage\",\"url\":\"https:\/\/lojadosacores.com\/wp-content\/uploads\/imagens\/analisadas\/SB09B.jpg\",\"contentUrl\":\"https:\/\/lojadosacores.com\/wp-content\/uploads\/imagens\/analisadas\/SB09B.jpg\",\"width\":544,\"height\":363},{\"@type\":\"WebPage\",\"@id\":\"https:\/\/lojadosacores.com\/produto\/envelope-p-guardanapo-avencas\/#webpage\",\"url\":\"https:\/\/lojadosacores.com\/produto\/envelope-p-guardanapo-avencas\/\",\"name\":\"Envelope p\/ guardanapo Avencas - Loja dos A\u00e7ores\",\"isPartOf\":{\"@id\":\"https:\/\/lojadosacores.com\/#website\"},\"primaryImageOfPage\":{\"@id\":\"https:\/\/lojadosacores.com\/produto\/envelope-p-guardanapo-avencas\/#primaryimage\"},\"datePublished\":\"2026-04-27T12:16:25+00:00\",\"dateModified\":\"2026-04-27T12:16:25+00:00\",\"breadcrumb\":{\"@id\":\"https:\/\/lojadosacores.com\/produto\/envelope-p-guardanapo-avencas\/#breadcrumb\"},\"inLanguage\":\"en-US\",\"potentialAction\":[{\"@type\":\"ReadAction\",\"target\":[\"https:\/\/lojadosacores.com\/produto\/envelope-p-guardanapo-avencas\/\"]}]},{\"@type\":\"BreadcrumbList\",\"@id\":\"https:\/\/lojadosacores.com\/produto\/envelope-p-guardanapo-avencas\/#breadcrumb\",\"itemListElement\":[{\"@type\":\"ListItem\",\"position\":1,\"name\":\"Products\",\"item\":\"http:\/\/lojadosacores.com\/en\/azores-products\/\"},{\"@type\":\"ListItem\",\"position\":2,\"name\":\"Envelope p\/ guardanapo Avencas\"}]}]}<\/script>\n<!-- \/ Yoast SEO plugin. -->","yoast_head_json":{"title":"Envelope p\/ guardanapo Avencas - Loja dos A\u00e7ores","robots":{"index":"index","follow":"follow","max-snippet":"max-snippet:-1","max-image-preview":"max-image-preview:large","max-video-preview":"max-video-preview:-1"},"canonical":"https:\/\/lojadosacores.com\/produto\/envelope-p-guardanapo-avencas\/","og_locale":"en_US","og_type":"article","og_title":"Envelope p\/ guardanapo Avencas - Loja dos A\u00e7ores","og_description":"Bordado em linho a Matiz Motivo Avencas 25cm X 12cm  A aprendizagem da arte de bordar iniciava-se em crian\u00e7a, quase sempre em ambiente familiar, com os pontos mais simples, como o ponto de p\u00e9 de flor, de cetim, de malmequer, de cadeia, de grilh\u00e3o, de casa, de sombra, ilh\u00f3s e caseados, entre outros. Atualmente, os bordados constituem um produto genu\u00edno e certificado dos A\u00e7ores. Por todo o arquip\u00e9lago, em espa\u00e7o dom\u00e9stico, em micro empresas ou em pequenas unidades artesanais, s\u00e3o muitas as mulheres que se dedicam \u00e0 arte de bordar variadas pe\u00e7as, recorrendo a materiais e t\u00e9cnicas de execu\u00e7\u00e3o tradicionais, contribuindo deste modo para complementar o rendimento familiar e preservar uma importante parcela do patrim\u00f3nio cultural da regi\u00e3o.","og_url":"https:\/\/lojadosacores.com\/produto\/envelope-p-guardanapo-avencas\/","og_site_name":"Loja dos A\u00e7ores","og_image":[{"width":544,"height":363,"url":"https:\/\/lojadosacores.com\/wp-content\/uploads\/imagens\/analisadas\/SB09B.jpg","type":"image\/jpeg"}],"twitter_card":"summary_large_image","twitter_misc":{"Est. reading time":"1 minute"},"schema":{"@context":"https:\/\/schema.org","@graph":[{"@type":"WebSite","@id":"https:\/\/lojadosacores.com\/#website","url":"https:\/\/lojadosacores.com\/","name":"Loja dos A\u00e7ores","description":"","potentialAction":[{"@type":"SearchAction","target":{"@type":"EntryPoint","urlTemplate":"https:\/\/lojadosacores.com\/?s={search_term_string}"},"query-input":"required name=search_term_string"}],"inLanguage":"en-US"},{"@type":"ImageObject","inLanguage":"en-US","@id":"https:\/\/lojadosacores.com\/produto\/envelope-p-guardanapo-avencas\/#primaryimage","url":"https:\/\/lojadosacores.com\/wp-content\/uploads\/imagens\/analisadas\/SB09B.jpg","contentUrl":"https:\/\/lojadosacores.com\/wp-content\/uploads\/imagens\/analisadas\/SB09B.jpg","width":544,"height":363},{"@type":"WebPage","@id":"https:\/\/lojadosacores.com\/produto\/envelope-p-guardanapo-avencas\/#webpage","url":"https:\/\/lojadosacores.com\/produto\/envelope-p-guardanapo-avencas\/","name":"Envelope p\/ guardanapo Avencas - Loja dos A\u00e7ores","isPartOf":{"@id":"https:\/\/lojadosacores.com\/#website"},"primaryImageOfPage":{"@id":"https:\/\/lojadosacores.com\/produto\/envelope-p-guardanapo-avencas\/#primaryimage"},"datePublished":"2026-04-27T12:16:25+00:00","dateModified":"2026-04-27T12:16:25+00:00","breadcrumb":{"@id":"https:\/\/lojadosacores.com\/produto\/envelope-p-guardanapo-avencas\/#breadcrumb"},"inLanguage":"en-US","potentialAction":[{"@type":"ReadAction","target":["https:\/\/lojadosacores.com\/produto\/envelope-p-guardanapo-avencas\/"]}]},{"@type":"BreadcrumbList","@id":"https:\/\/lojadosacores.com\/produto\/envelope-p-guardanapo-avencas\/#breadcrumb","itemListElement":[{"@type":"ListItem","position":1,"name":"Products","item":"http:\/\/lojadosacores.com\/en\/azores-products\/"},{"@type":"ListItem","position":2,"name":"Envelope p\/ guardanapo Avencas"}]}]}},"_links":{"self":[{"href":"https:\/\/lojadosacores.com\/en\/wp-json\/wp\/v2\/product\/3571"}],"collection":[{"href":"https:\/\/lojadosacores.com\/en\/wp-json\/wp\/v2\/product"}],"about":[{"href":"https:\/\/lojadosacores.com\/en\/wp-json\/wp\/v2\/types\/product"}],"wp:featuredmedia":[{"embeddable":true,"href":"https:\/\/lojadosacores.com\/en\/wp-json\/wp\/v2\/media\/3583"}],"wp:attachment":[{"href":"https:\/\/lojadosacores.com\/en\/wp-json\/wp\/v2\/media?parent=3571"}],"wp:term":[{"taxonomy":"product_cat","embeddable":true,"href":"https:\/\/lojadosacores.com\/en\/wp-json\/wp\/v2\/product_cat?post=3571"},{"taxonomy":"product_tag","embeddable":true,"href":"https:\/\/lojadosacores.com\/en\/wp-json\/wp\/v2\/product_tag?post=3571"},{"taxonomy":"ilha","embeddable":true,"href":"https:\/\/lojadosacores.com\/en\/wp-json\/wp\/v2\/ilha?post=3571"},{"taxonomy":"linguas","embeddable":true,"href":"https:\/\/lojadosacores.com\/en\/wp-json\/wp\/v2\/linguas?post=3571"}],"curies":[{"name":"wp","href":"https:\/\/api.w.org\/{rel}","templated":true}]}}

<p>Bordado em linho a Matiz Motivo Avencas 25cm X 12cm<br />
A aprendizagem da arte de bordar iniciava-se em criança, quase sempre em ambiente familiar, com os pontos mais simples, como o ponto de pé de flor, de cetim, de malmequer, de cadeia, de grilhão, de casa, de sombra, ilhós e caseados, entre outros.  Atualmente, os bordados constituem um produto genuíno e certificado dos Açores. Por todo o arquipélago, em espaço doméstico, em micro empresas ou em pequenas unidades artesanais, são muitas as mulheres que se dedicam à arte de bordar variadas peças, recorrendo a materiais e técnicas de execução tradicionais, contribuindo deste modo para complementar o rendimento familiar e preservar uma importante parcela do património cultural da região.</p>

<!-- This site is optimized with the Yoast SEO plugin v18.8 - https://yoast.com/wordpress/plugins/seo/ -->
<title>Envelope p/ guardanapo Avencas - Loja dos Açores</title>
<meta name="robots" content="index, follow, max-snippet:-1, max-image-preview:large, max-video-preview:-1" />
<link rel="canonical" href="https://lojadosacores.com/produto/envelope-p-guardanapo-avencas/" />
<meta property="og:locale" content="en_US" />
<meta property="og:type" content="article" />
<meta property="og:title" content="Envelope p/ guardanapo Avencas - Loja dos Açores" />
<meta property="og:description" content="Bordado em linho a Matiz Motivo Avencas 25cm X 12cm  A aprendizagem da arte de bordar iniciava-se em criança, quase sempre em ambiente familiar, com os pontos mais simples, como o ponto de pé de flor, de cetim, de malmequer, de cadeia, de grilhão, de casa, de sombra, ilhós e caseados, entre outros. Atualmente, os bordados constituem um produto genuíno e certificado dos Açores. Por todo o arquipélago, em espaço doméstico, em micro empresas ou em pequenas unidades artesanais, são muitas as mulheres que se dedicam à arte de bordar variadas peças, recorrendo a materiais e técnicas de execução tradicionais, contribuindo deste modo para complementar o rendimento familiar e preservar uma importante parcela do património cultural da região." />
<meta property="og:url" content="https://lojadosacores.com/produto/envelope-p-guardanapo-avencas/" />
<meta property="og:site_name" content="Loja dos Açores" />
<meta property="og:image" content="https://lojadosacores.com/wp-content/uploads/imagens/analisadas/SB09B.jpg" />
	<meta property="og:image:width" content="544" />
	<meta property="og:image:height" content="363" />
	<meta property="og:image:type" content="image/jpeg" />
<meta name="twitter:card" content="summary_large_image" />
<meta name="twitter:label1" content="Est. reading time" />
	<meta name="twitter:data1" content="1 minute" />
<script type="application/ld+json" class="yoast-schema-graph">{"@context":"https://schema.org","@graph":[{"@type":"WebSite","@id":"https://lojadosacores.com/#website","url":"https://lojadosacores.com/","name":"Loja dos Açores","description":"","potentialAction":[{"@type":"SearchAction","target":{"@type":"EntryPoint","urlTemplate":"https://lojadosacores.com/?s={search_term_string}"},"query-input":"required name=search_term_string"}],"inLanguage":"en-US"},{"@type":"ImageObject","inLanguage":"en-US","@id":"https://lojadosacores.com/produto/envelope-p-guardanapo-avencas/#primaryimage","url":"https://lojadosacores.com/wp-content/uploads/imagens/analisadas/SB09B.jpg","contentUrl":"https://lojadosacores.com/wp-content/uploads/imagens/analisadas/SB09B.jpg","width":544,"height":363},{"@type":"WebPage","@id":"https://lojadosacores.com/produto/envelope-p-guardanapo-avencas/#webpage","url":"https://lojadosacores.com/produto/envelope-p-guardanapo-avencas/","name":"Envelope p/ guardanapo Avencas - Loja dos Açores","isPartOf":{"@id":"https://lojadosacores.com/#website"},"primaryImageOfPage":{"@id":"https://lojadosacores.com/produto/envelope-p-guardanapo-avencas/#primaryimage"},"datePublished":"2026-04-27T12:16:25+00:00","dateModified":"2026-04-27T12:16:25+00:00","breadcrumb":{"@id":"https://lojadosacores.com/produto/envelope-p-guardanapo-avencas/#breadcrumb"},"inLanguage":"en-US","potentialAction":[{"@type":"ReadAction","target":["https://lojadosacores.com/produto/envelope-p-guardanapo-avencas/"]}]},{"@type":"BreadcrumbList","@id":"https://lojadosacores.com/produto/envelope-p-guardanapo-avencas/#breadcrumb","itemListElement":[{"@type":"ListItem","position":1,"name":"Products","item":"http://lojadosacores.com/en/azores-products/"},{"@type":"ListItem","position":2,"name":"Envelope p/ guardanapo Avencas"}]}]}</script>
<!-- / Yoast SEO plugin. -->

Envelope p/ guardanapo Avencas - Loja dos Açores

Bordado em linho a Matiz Motivo Avencas 25cm X 12cm  A aprendizagem da arte de bordar iniciava-se em criança, quase sempre em ambiente familiar, com os pontos mais simples, como o ponto de pé de flor, de cetim, de malmequer, de cadeia, de grilhão, de casa, de sombra, ilhós e caseados, entre outros. Atualmente, os bordados constituem um produto genuíno e certificado dos Açores. Por todo o arquipélago, em espaço doméstico, em micro empresas ou em pequenas unidades artesanais, são muitas as mulheres que se dedicam à arte de bordar variadas peças, recorrendo a materiais e técnicas de execução tradicionais, contribuindo deste modo para complementar o rendimento familiar e preservar uma importante parcela do património cultural da região.

Loja dos Açores
