{"id":2435387,"date":"2026-04-28T20:21:48","date_gmt":"2026-04-28T20:21:48","guid":{"rendered":"https:\/\/lojadosacores.com\/produto\/iman-foto-c-bordado-2\/"},"modified":"2026-04-28T20:21:48","modified_gmt":"2026-04-28T20:21:48","slug":"iman-foto-c-bordado-2","status":"publish","type":"product","link":"https:\/\/lojadosacores.com\/en\/produto\/iman-foto-c-bordado-2\/","title":{"rendered":"\u00cdman foto c\/ bordado"},"content":{"rendered":"<p>Fotografia antiga, a preto e branco, imprimida em t\u00eaxtil onde se bordou pormenores coloridos.<br \/>\nDi\u00e2metro &#8211; 7,50cm<br \/>\nPeso &#8211; 11gr<\/p>\n","protected":false},"excerpt":{"rendered":"<p>Fotografia antiga, a preto e branco, imprimida em t\u00eaxtil onde se bordou pormenores coloridos.<br \/>\nDi\u00e2metro &#8211; 7,50cm<br \/>\nPeso &#8211; 11gr<\/p>\n","protected":false},"featured_media":2435389,"template":"","meta":[],"product_cat":[29,875],"product_tag":[],"ilha":[44],"linguas":[],"yoast_head":"<!-- This site is optimized with the Yoast SEO plugin v18.8 - https:\/\/yoast.com\/wordpress\/plugins\/seo\/ -->\n<title>\u00cdman foto c\/ bordado - Loja dos A\u00e7ores<\/title>\n<meta name=\"robots\" content=\"index, follow, max-snippet:-1, max-image-preview:large, max-video-preview:-1\" \/>\n<link rel=\"canonical\" href=\"https:\/\/lojadosacores.com\/produto\/iman-foto-c-bordado-2\/\" \/>\n<meta property=\"og:locale\" content=\"en_US\" \/>\n<meta property=\"og:type\" content=\"article\" \/>\n<meta property=\"og:title\" content=\"\u00cdman foto c\/ bordado - Loja dos A\u00e7ores\" \/>\n<meta property=\"og:description\" content=\"Fotografia antiga, a preto e branco, imprimida em t\u00eaxtil onde se bordou pormenores coloridos. Di\u00e2metro - 7,50cm Peso - 11gr\" \/>\n<meta property=\"og:url\" content=\"https:\/\/lojadosacores.com\/produto\/iman-foto-c-bordado-2\/\" \/>\n<meta property=\"og:site_name\" content=\"Loja dos A\u00e7ores\" \/>\n<meta property=\"og:image\" content=\"https:\/\/lojadosacores.com\/wp-content\/uploads\/imagens\/analisadas\/DIV799I.jpg\" \/>\n\t<meta property=\"og:image:width\" content=\"1512\" \/>\n\t<meta property=\"og:image:height\" content=\"2170\" \/>\n\t<meta property=\"og:image:type\" content=\"image\/jpeg\" \/>\n<meta name=\"twitter:card\" content=\"summary_large_image\" \/>\n<script type=\"application\/ld+json\" class=\"yoast-schema-graph\">{\"@context\":\"https:\/\/schema.org\",\"@graph\":[{\"@type\":\"WebSite\",\"@id\":\"https:\/\/lojadosacores.com\/#website\",\"url\":\"https:\/\/lojadosacores.com\/\",\"name\":\"Loja dos A\u00e7ores\",\"description\":\"\",\"potentialAction\":[{\"@type\":\"SearchAction\",\"target\":{\"@type\":\"EntryPoint\",\"urlTemplate\":\"https:\/\/lojadosacores.com\/?s={search_term_string}\"},\"query-input\":\"required name=search_term_string\"}],\"inLanguage\":\"en-US\"},{\"@type\":\"ImageObject\",\"inLanguage\":\"en-US\",\"@id\":\"https:\/\/lojadosacores.com\/produto\/iman-foto-c-bordado-2\/#primaryimage\",\"url\":\"https:\/\/lojadosacores.com\/wp-content\/uploads\/imagens\/analisadas\/DIV799I.jpg\",\"contentUrl\":\"https:\/\/lojadosacores.com\/wp-content\/uploads\/imagens\/analisadas\/DIV799I.jpg\",\"width\":1512,\"height\":2170},{\"@type\":\"WebPage\",\"@id\":\"https:\/\/lojadosacores.com\/produto\/iman-foto-c-bordado-2\/#webpage\",\"url\":\"https:\/\/lojadosacores.com\/produto\/iman-foto-c-bordado-2\/\",\"name\":\"\u00cdman foto c\/ bordado - Loja dos A\u00e7ores\",\"isPartOf\":{\"@id\":\"https:\/\/lojadosacores.com\/#website\"},\"primaryImageOfPage\":{\"@id\":\"https:\/\/lojadosacores.com\/produto\/iman-foto-c-bordado-2\/#primaryimage\"},\"datePublished\":\"2026-04-28T20:21:48+00:00\",\"dateModified\":\"2026-04-28T20:21:48+00:00\",\"breadcrumb\":{\"@id\":\"https:\/\/lojadosacores.com\/produto\/iman-foto-c-bordado-2\/#breadcrumb\"},\"inLanguage\":\"en-US\",\"potentialAction\":[{\"@type\":\"ReadAction\",\"target\":[\"https:\/\/lojadosacores.com\/produto\/iman-foto-c-bordado-2\/\"]}]},{\"@type\":\"BreadcrumbList\",\"@id\":\"https:\/\/lojadosacores.com\/produto\/iman-foto-c-bordado-2\/#breadcrumb\",\"itemListElement\":[{\"@type\":\"ListItem\",\"position\":1,\"name\":\"Products\",\"item\":\"http:\/\/lojadosacores.com\/en\/azores-products\/\"},{\"@type\":\"ListItem\",\"position\":2,\"name\":\"\u00cdman foto c\/ bordado\"}]}]}<\/script>\n<!-- \/ Yoast SEO plugin. -->","yoast_head_json":{"title":"\u00cdman foto c\/ bordado - Loja dos A\u00e7ores","robots":{"index":"index","follow":"follow","max-snippet":"max-snippet:-1","max-image-preview":"max-image-preview:large","max-video-preview":"max-video-preview:-1"},"canonical":"https:\/\/lojadosacores.com\/produto\/iman-foto-c-bordado-2\/","og_locale":"en_US","og_type":"article","og_title":"\u00cdman foto c\/ bordado - Loja dos A\u00e7ores","og_description":"Fotografia antiga, a preto e branco, imprimida em t\u00eaxtil onde se bordou pormenores coloridos. Di\u00e2metro - 7,50cm Peso - 11gr","og_url":"https:\/\/lojadosacores.com\/produto\/iman-foto-c-bordado-2\/","og_site_name":"Loja dos A\u00e7ores","og_image":[{"width":1512,"height":2170,"url":"https:\/\/lojadosacores.com\/wp-content\/uploads\/imagens\/analisadas\/DIV799I.jpg","type":"image\/jpeg"}],"twitter_card":"summary_large_image","schema":{"@context":"https:\/\/schema.org","@graph":[{"@type":"WebSite","@id":"https:\/\/lojadosacores.com\/#website","url":"https:\/\/lojadosacores.com\/","name":"Loja dos A\u00e7ores","description":"","potentialAction":[{"@type":"SearchAction","target":{"@type":"EntryPoint","urlTemplate":"https:\/\/lojadosacores.com\/?s={search_term_string}"},"query-input":"required name=search_term_string"}],"inLanguage":"en-US"},{"@type":"ImageObject","inLanguage":"en-US","@id":"https:\/\/lojadosacores.com\/produto\/iman-foto-c-bordado-2\/#primaryimage","url":"https:\/\/lojadosacores.com\/wp-content\/uploads\/imagens\/analisadas\/DIV799I.jpg","contentUrl":"https:\/\/lojadosacores.com\/wp-content\/uploads\/imagens\/analisadas\/DIV799I.jpg","width":1512,"height":2170},{"@type":"WebPage","@id":"https:\/\/lojadosacores.com\/produto\/iman-foto-c-bordado-2\/#webpage","url":"https:\/\/lojadosacores.com\/produto\/iman-foto-c-bordado-2\/","name":"\u00cdman foto c\/ bordado - Loja dos A\u00e7ores","isPartOf":{"@id":"https:\/\/lojadosacores.com\/#website"},"primaryImageOfPage":{"@id":"https:\/\/lojadosacores.com\/produto\/iman-foto-c-bordado-2\/#primaryimage"},"datePublished":"2026-04-28T20:21:48+00:00","dateModified":"2026-04-28T20:21:48+00:00","breadcrumb":{"@id":"https:\/\/lojadosacores.com\/produto\/iman-foto-c-bordado-2\/#breadcrumb"},"inLanguage":"en-US","potentialAction":[{"@type":"ReadAction","target":["https:\/\/lojadosacores.com\/produto\/iman-foto-c-bordado-2\/"]}]},{"@type":"BreadcrumbList","@id":"https:\/\/lojadosacores.com\/produto\/iman-foto-c-bordado-2\/#breadcrumb","itemListElement":[{"@type":"ListItem","position":1,"name":"Products","item":"http:\/\/lojadosacores.com\/en\/azores-products\/"},{"@type":"ListItem","position":2,"name":"\u00cdman foto c\/ bordado"}]}]}},"_links":{"self":[{"href":"https:\/\/lojadosacores.com\/en\/wp-json\/wp\/v2\/product\/2435387"}],"collection":[{"href":"https:\/\/lojadosacores.com\/en\/wp-json\/wp\/v2\/product"}],"about":[{"href":"https:\/\/lojadosacores.com\/en\/wp-json\/wp\/v2\/types\/product"}],"wp:featuredmedia":[{"embeddable":true,"href":"https:\/\/lojadosacores.com\/en\/wp-json\/wp\/v2\/media\/2435389"}],"wp:attachment":[{"href":"https:\/\/lojadosacores.com\/en\/wp-json\/wp\/v2\/media?parent=2435387"}],"wp:term":[{"taxonomy":"product_cat","embeddable":true,"href":"https:\/\/lojadosacores.com\/en\/wp-json\/wp\/v2\/product_cat?post=2435387"},{"taxonomy":"product_tag","embeddable":true,"href":"https:\/\/lojadosacores.com\/en\/wp-json\/wp\/v2\/product_tag?post=2435387"},{"taxonomy":"ilha","embeddable":true,"href":"https:\/\/lojadosacores.com\/en\/wp-json\/wp\/v2\/ilha?post=2435387"},{"taxonomy":"linguas","embeddable":true,"href":"https:\/\/lojadosacores.com\/en\/wp-json\/wp\/v2\/linguas?post=2435387"}],"curies":[{"name":"wp","href":"https:\/\/api.w.org\/{rel}","templated":true}]}}

Íman foto c/ bordado

<p>Fotografia antiga, a preto e branco, imprimida em têxtil onde se bordou pormenores coloridos.<br />
Diâmetro &#8211; 7,50cm<br />
Peso &#8211; 11gr</p>

<!-- This site is optimized with the Yoast SEO plugin v18.8 - https://yoast.com/wordpress/plugins/seo/ -->
<title>Íman foto c/ bordado - Loja dos Açores</title>
<meta name="robots" content="index, follow, max-snippet:-1, max-image-preview:large, max-video-preview:-1" />
<link rel="canonical" href="https://lojadosacores.com/produto/iman-foto-c-bordado-2/" />
<meta property="og:locale" content="en_US" />
<meta property="og:type" content="article" />
<meta property="og:title" content="Íman foto c/ bordado - Loja dos Açores" />
<meta property="og:description" content="Fotografia antiga, a preto e branco, imprimida em têxtil onde se bordou pormenores coloridos. Diâmetro - 7,50cm Peso - 11gr" />
<meta property="og:url" content="https://lojadosacores.com/produto/iman-foto-c-bordado-2/" />
<meta property="og:site_name" content="Loja dos Açores" />
<meta property="og:image" content="https://lojadosacores.com/wp-content/uploads/imagens/analisadas/DIV799I.jpg" />
	<meta property="og:image:width" content="1512" />
	<meta property="og:image:height" content="2170" />
	<meta property="og:image:type" content="image/jpeg" />
<meta name="twitter:card" content="summary_large_image" />
<script type="application/ld+json" class="yoast-schema-graph">{"@context":"https://schema.org","@graph":[{"@type":"WebSite","@id":"https://lojadosacores.com/#website","url":"https://lojadosacores.com/","name":"Loja dos Açores","description":"","potentialAction":[{"@type":"SearchAction","target":{"@type":"EntryPoint","urlTemplate":"https://lojadosacores.com/?s={search_term_string}"},"query-input":"required name=search_term_string"}],"inLanguage":"en-US"},{"@type":"ImageObject","inLanguage":"en-US","@id":"https://lojadosacores.com/produto/iman-foto-c-bordado-2/#primaryimage","url":"https://lojadosacores.com/wp-content/uploads/imagens/analisadas/DIV799I.jpg","contentUrl":"https://lojadosacores.com/wp-content/uploads/imagens/analisadas/DIV799I.jpg","width":1512,"height":2170},{"@type":"WebPage","@id":"https://lojadosacores.com/produto/iman-foto-c-bordado-2/#webpage","url":"https://lojadosacores.com/produto/iman-foto-c-bordado-2/","name":"Íman foto c/ bordado - Loja dos Açores","isPartOf":{"@id":"https://lojadosacores.com/#website"},"primaryImageOfPage":{"@id":"https://lojadosacores.com/produto/iman-foto-c-bordado-2/#primaryimage"},"datePublished":"2026-04-28T20:21:48+00:00","dateModified":"2026-04-28T20:21:48+00:00","breadcrumb":{"@id":"https://lojadosacores.com/produto/iman-foto-c-bordado-2/#breadcrumb"},"inLanguage":"en-US","potentialAction":[{"@type":"ReadAction","target":["https://lojadosacores.com/produto/iman-foto-c-bordado-2/"]}]},{"@type":"BreadcrumbList","@id":"https://lojadosacores.com/produto/iman-foto-c-bordado-2/#breadcrumb","itemListElement":[{"@type":"ListItem","position":1,"name":"Products","item":"http://lojadosacores.com/en/azores-products/"},{"@type":"ListItem","position":2,"name":"Íman foto c/ bordado"}]}]}</script>
<!-- / Yoast SEO plugin. -->

Íman foto c/ bordado - Loja dos Açores

Fotografia antiga, a preto e branco, imprimida em têxtil onde se bordou pormenores coloridos. Diâmetro - 7,50cm Peso - 11gr

Loja dos Açores
