{"id":2435383,"date":"2026-04-28T20:21:51","date_gmt":"2026-04-28T20:21:51","guid":{"rendered":"https:\/\/lojadosacores.com\/produto\/iman-fotografia-antiga-acoriana\/"},"modified":"2026-04-28T20:21:51","modified_gmt":"2026-04-28T20:21:51","slug":"iman-fotografia-antiga-acoriana","status":"publish","type":"product","link":"https:\/\/lojadosacores.com\/en\/produto\/iman-fotografia-antiga-acoriana\/","title":{"rendered":"\u00cdman fotografia antiga A\u00e7oriana"},"content":{"rendered":"<p>Impress\u00e3o em t\u00eaxtil com bordado colorido aplicado.<br \/>\nOriginal!<br \/>\nDi\u00e2metro 7,50<br \/>\nPeso 12gr<\/p>\n","protected":false},"excerpt":{"rendered":"<p>Impress\u00e3o em t\u00eaxtil com bordado colorido aplicado.<br \/>\nOriginal!<br \/>\nDi\u00e2metro 7,50<br \/>\nPeso 12gr<\/p>\n","protected":false},"featured_media":2435384,"template":"","meta":[],"product_cat":[29,875],"product_tag":[],"ilha":[44],"linguas":[],"yoast_head":"<!-- This site is optimized with the Yoast SEO plugin v18.8 - https:\/\/yoast.com\/wordpress\/plugins\/seo\/ -->\n<title>\u00cdman fotografia antiga A\u00e7oriana - Loja dos A\u00e7ores<\/title>\n<meta name=\"robots\" content=\"index, follow, max-snippet:-1, max-image-preview:large, max-video-preview:-1\" \/>\n<link rel=\"canonical\" href=\"https:\/\/lojadosacores.com\/produto\/iman-fotografia-antiga-acoriana\/\" \/>\n<meta property=\"og:locale\" content=\"en_US\" \/>\n<meta property=\"og:type\" content=\"article\" \/>\n<meta property=\"og:title\" content=\"\u00cdman fotografia antiga A\u00e7oriana - Loja dos A\u00e7ores\" \/>\n<meta property=\"og:description\" content=\"Impress\u00e3o em t\u00eaxtil com bordado colorido aplicado. Original! Di\u00e2metro 7,50 Peso 12gr\" \/>\n<meta property=\"og:url\" content=\"https:\/\/lojadosacores.com\/produto\/iman-fotografia-antiga-acoriana\/\" \/>\n<meta property=\"og:site_name\" content=\"Loja dos A\u00e7ores\" \/>\n<meta property=\"og:image\" content=\"https:\/\/lojadosacores.com\/wp-content\/uploads\/imagens\/analisadas\/DIV799E.jpeg\" \/>\n\t<meta property=\"og:image:width\" content=\"749\" \/>\n\t<meta property=\"og:image:height\" content=\"749\" \/>\n\t<meta property=\"og:image:type\" content=\"image\/jpeg\" \/>\n<meta name=\"twitter:card\" content=\"summary_large_image\" \/>\n<script type=\"application\/ld+json\" class=\"yoast-schema-graph\">{\"@context\":\"https:\/\/schema.org\",\"@graph\":[{\"@type\":\"WebSite\",\"@id\":\"https:\/\/lojadosacores.com\/#website\",\"url\":\"https:\/\/lojadosacores.com\/\",\"name\":\"Loja dos A\u00e7ores\",\"description\":\"\",\"potentialAction\":[{\"@type\":\"SearchAction\",\"target\":{\"@type\":\"EntryPoint\",\"urlTemplate\":\"https:\/\/lojadosacores.com\/?s={search_term_string}\"},\"query-input\":\"required name=search_term_string\"}],\"inLanguage\":\"en-US\"},{\"@type\":\"ImageObject\",\"inLanguage\":\"en-US\",\"@id\":\"https:\/\/lojadosacores.com\/produto\/iman-fotografia-antiga-acoriana\/#primaryimage\",\"url\":\"https:\/\/lojadosacores.com\/wp-content\/uploads\/imagens\/analisadas\/DIV799E.jpeg\",\"contentUrl\":\"https:\/\/lojadosacores.com\/wp-content\/uploads\/imagens\/analisadas\/DIV799E.jpeg\",\"width\":749,\"height\":749},{\"@type\":\"WebPage\",\"@id\":\"https:\/\/lojadosacores.com\/produto\/iman-fotografia-antiga-acoriana\/#webpage\",\"url\":\"https:\/\/lojadosacores.com\/produto\/iman-fotografia-antiga-acoriana\/\",\"name\":\"\u00cdman fotografia antiga A\u00e7oriana - Loja dos A\u00e7ores\",\"isPartOf\":{\"@id\":\"https:\/\/lojadosacores.com\/#website\"},\"primaryImageOfPage\":{\"@id\":\"https:\/\/lojadosacores.com\/produto\/iman-fotografia-antiga-acoriana\/#primaryimage\"},\"datePublished\":\"2026-04-28T20:21:51+00:00\",\"dateModified\":\"2026-04-28T20:21:51+00:00\",\"breadcrumb\":{\"@id\":\"https:\/\/lojadosacores.com\/produto\/iman-fotografia-antiga-acoriana\/#breadcrumb\"},\"inLanguage\":\"en-US\",\"potentialAction\":[{\"@type\":\"ReadAction\",\"target\":[\"https:\/\/lojadosacores.com\/produto\/iman-fotografia-antiga-acoriana\/\"]}]},{\"@type\":\"BreadcrumbList\",\"@id\":\"https:\/\/lojadosacores.com\/produto\/iman-fotografia-antiga-acoriana\/#breadcrumb\",\"itemListElement\":[{\"@type\":\"ListItem\",\"position\":1,\"name\":\"Products\",\"item\":\"http:\/\/lojadosacores.com\/en\/azores-products\/\"},{\"@type\":\"ListItem\",\"position\":2,\"name\":\"\u00cdman fotografia antiga A\u00e7oriana\"}]}]}<\/script>\n<!-- \/ Yoast SEO plugin. -->","yoast_head_json":{"title":"\u00cdman fotografia antiga A\u00e7oriana - Loja dos A\u00e7ores","robots":{"index":"index","follow":"follow","max-snippet":"max-snippet:-1","max-image-preview":"max-image-preview:large","max-video-preview":"max-video-preview:-1"},"canonical":"https:\/\/lojadosacores.com\/produto\/iman-fotografia-antiga-acoriana\/","og_locale":"en_US","og_type":"article","og_title":"\u00cdman fotografia antiga A\u00e7oriana - Loja dos A\u00e7ores","og_description":"Impress\u00e3o em t\u00eaxtil com bordado colorido aplicado. Original! Di\u00e2metro 7,50 Peso 12gr","og_url":"https:\/\/lojadosacores.com\/produto\/iman-fotografia-antiga-acoriana\/","og_site_name":"Loja dos A\u00e7ores","og_image":[{"width":749,"height":749,"url":"https:\/\/lojadosacores.com\/wp-content\/uploads\/imagens\/analisadas\/DIV799E.jpeg","type":"image\/jpeg"}],"twitter_card":"summary_large_image","schema":{"@context":"https:\/\/schema.org","@graph":[{"@type":"WebSite","@id":"https:\/\/lojadosacores.com\/#website","url":"https:\/\/lojadosacores.com\/","name":"Loja dos A\u00e7ores","description":"","potentialAction":[{"@type":"SearchAction","target":{"@type":"EntryPoint","urlTemplate":"https:\/\/lojadosacores.com\/?s={search_term_string}"},"query-input":"required name=search_term_string"}],"inLanguage":"en-US"},{"@type":"ImageObject","inLanguage":"en-US","@id":"https:\/\/lojadosacores.com\/produto\/iman-fotografia-antiga-acoriana\/#primaryimage","url":"https:\/\/lojadosacores.com\/wp-content\/uploads\/imagens\/analisadas\/DIV799E.jpeg","contentUrl":"https:\/\/lojadosacores.com\/wp-content\/uploads\/imagens\/analisadas\/DIV799E.jpeg","width":749,"height":749},{"@type":"WebPage","@id":"https:\/\/lojadosacores.com\/produto\/iman-fotografia-antiga-acoriana\/#webpage","url":"https:\/\/lojadosacores.com\/produto\/iman-fotografia-antiga-acoriana\/","name":"\u00cdman fotografia antiga A\u00e7oriana - Loja dos A\u00e7ores","isPartOf":{"@id":"https:\/\/lojadosacores.com\/#website"},"primaryImageOfPage":{"@id":"https:\/\/lojadosacores.com\/produto\/iman-fotografia-antiga-acoriana\/#primaryimage"},"datePublished":"2026-04-28T20:21:51+00:00","dateModified":"2026-04-28T20:21:51+00:00","breadcrumb":{"@id":"https:\/\/lojadosacores.com\/produto\/iman-fotografia-antiga-acoriana\/#breadcrumb"},"inLanguage":"en-US","potentialAction":[{"@type":"ReadAction","target":["https:\/\/lojadosacores.com\/produto\/iman-fotografia-antiga-acoriana\/"]}]},{"@type":"BreadcrumbList","@id":"https:\/\/lojadosacores.com\/produto\/iman-fotografia-antiga-acoriana\/#breadcrumb","itemListElement":[{"@type":"ListItem","position":1,"name":"Products","item":"http:\/\/lojadosacores.com\/en\/azores-products\/"},{"@type":"ListItem","position":2,"name":"\u00cdman fotografia antiga A\u00e7oriana"}]}]}},"_links":{"self":[{"href":"https:\/\/lojadosacores.com\/en\/wp-json\/wp\/v2\/product\/2435383"}],"collection":[{"href":"https:\/\/lojadosacores.com\/en\/wp-json\/wp\/v2\/product"}],"about":[{"href":"https:\/\/lojadosacores.com\/en\/wp-json\/wp\/v2\/types\/product"}],"wp:featuredmedia":[{"embeddable":true,"href":"https:\/\/lojadosacores.com\/en\/wp-json\/wp\/v2\/media\/2435384"}],"wp:attachment":[{"href":"https:\/\/lojadosacores.com\/en\/wp-json\/wp\/v2\/media?parent=2435383"}],"wp:term":[{"taxonomy":"product_cat","embeddable":true,"href":"https:\/\/lojadosacores.com\/en\/wp-json\/wp\/v2\/product_cat?post=2435383"},{"taxonomy":"product_tag","embeddable":true,"href":"https:\/\/lojadosacores.com\/en\/wp-json\/wp\/v2\/product_tag?post=2435383"},{"taxonomy":"ilha","embeddable":true,"href":"https:\/\/lojadosacores.com\/en\/wp-json\/wp\/v2\/ilha?post=2435383"},{"taxonomy":"linguas","embeddable":true,"href":"https:\/\/lojadosacores.com\/en\/wp-json\/wp\/v2\/linguas?post=2435383"}],"curies":[{"name":"wp","href":"https:\/\/api.w.org\/{rel}","templated":true}]}}

Íman fotografia antiga Açoriana

<p>Impressão em têxtil com bordado colorido aplicado.<br />
Original!<br />
Diâmetro 7,50<br />
Peso 12gr</p>

<!-- This site is optimized with the Yoast SEO plugin v18.8 - https://yoast.com/wordpress/plugins/seo/ -->
<title>Íman fotografia antiga Açoriana - Loja dos Açores</title>
<meta name="robots" content="index, follow, max-snippet:-1, max-image-preview:large, max-video-preview:-1" />
<link rel="canonical" href="https://lojadosacores.com/produto/iman-fotografia-antiga-acoriana/" />
<meta property="og:locale" content="en_US" />
<meta property="og:type" content="article" />
<meta property="og:title" content="Íman fotografia antiga Açoriana - Loja dos Açores" />
<meta property="og:description" content="Impressão em têxtil com bordado colorido aplicado. Original! Diâmetro 7,50 Peso 12gr" />
<meta property="og:url" content="https://lojadosacores.com/produto/iman-fotografia-antiga-acoriana/" />
<meta property="og:site_name" content="Loja dos Açores" />
<meta property="og:image" content="https://lojadosacores.com/wp-content/uploads/imagens/analisadas/DIV799E.jpeg" />
	<meta property="og:image:width" content="749" />
	<meta property="og:image:height" content="749" />
	<meta property="og:image:type" content="image/jpeg" />
<meta name="twitter:card" content="summary_large_image" />
<script type="application/ld+json" class="yoast-schema-graph">{"@context":"https://schema.org","@graph":[{"@type":"WebSite","@id":"https://lojadosacores.com/#website","url":"https://lojadosacores.com/","name":"Loja dos Açores","description":"","potentialAction":[{"@type":"SearchAction","target":{"@type":"EntryPoint","urlTemplate":"https://lojadosacores.com/?s={search_term_string}"},"query-input":"required name=search_term_string"}],"inLanguage":"en-US"},{"@type":"ImageObject","inLanguage":"en-US","@id":"https://lojadosacores.com/produto/iman-fotografia-antiga-acoriana/#primaryimage","url":"https://lojadosacores.com/wp-content/uploads/imagens/analisadas/DIV799E.jpeg","contentUrl":"https://lojadosacores.com/wp-content/uploads/imagens/analisadas/DIV799E.jpeg","width":749,"height":749},{"@type":"WebPage","@id":"https://lojadosacores.com/produto/iman-fotografia-antiga-acoriana/#webpage","url":"https://lojadosacores.com/produto/iman-fotografia-antiga-acoriana/","name":"Íman fotografia antiga Açoriana - Loja dos Açores","isPartOf":{"@id":"https://lojadosacores.com/#website"},"primaryImageOfPage":{"@id":"https://lojadosacores.com/produto/iman-fotografia-antiga-acoriana/#primaryimage"},"datePublished":"2026-04-28T20:21:51+00:00","dateModified":"2026-04-28T20:21:51+00:00","breadcrumb":{"@id":"https://lojadosacores.com/produto/iman-fotografia-antiga-acoriana/#breadcrumb"},"inLanguage":"en-US","potentialAction":[{"@type":"ReadAction","target":["https://lojadosacores.com/produto/iman-fotografia-antiga-acoriana/"]}]},{"@type":"BreadcrumbList","@id":"https://lojadosacores.com/produto/iman-fotografia-antiga-acoriana/#breadcrumb","itemListElement":[{"@type":"ListItem","position":1,"name":"Products","item":"http://lojadosacores.com/en/azores-products/"},{"@type":"ListItem","position":2,"name":"Íman fotografia antiga Açoriana"}]}]}</script>
<!-- / Yoast SEO plugin. -->

Íman fotografia antiga Açoriana - Loja dos Açores

Impressão em têxtil com bordado colorido aplicado. Original! Diâmetro 7,50 Peso 12gr

Loja dos Açores
